+ y + 2. Let v = 93 - 95. Calculate u(v).
-4
Let d(f) = 3*f**2 - 4*f - 6. Let q(i) = -i**2 + i + 2. Let u(y) = 4*d(y) + 11*q(y). Let n(x) = -x**3 + 9*x**2 + 8*x + 25. Let r be n(10). What is u(r)?
-2
Let x be 154/(-66) + -2 + (-14)/(-6). Let k(l) = -l**2 + l + 2. Give k(x).
-4
Suppose t + t = 4*i + 18, -4*i = -4*t + 20. Let g = t - 1. Let c(n) = 2*n**2 + 4*n + g - 2*n**3 - 3 - n. Calculate c(2).
-5
Suppose 0*a - 5*a = 30. Let m(y) = -y**3 - 5*y**2 + 7*y - 3. Calculate m(a).
-9
Let b(d) be the second derivative of -d**7/840 + d**6/360 + d**5/60 - d**4/24 - 7*d**3/6 - 5*d. Let h(u) be the second derivative of b(u). Calculate h(2).
-1
Let c(x) be the first derivative of -x**2 + 6*x - 1. Suppose -4*v - 11 = 1. Let z(o) = o**3 + 2*o**2 - 5*o - 2. Let r be z(v). Calculate c(r).
-2
Let b(i) = 2*i + 2 + 0 - 3*i - 1. Calculate b(1).
0
Suppose 0*l + 4 = 4*l. Let r be (-5 + 4)/(l/(-5)). Let x(t) = 3*t - 6. Determine x(r).
9
Let f(d) = -4*d + 6 + 5*d + d. Let l = 6 + -10. What is f(l)?
-2
Let o(y) = 221 + 4*y - 221 + y**3 - 5*y**2. Let a be (-15)/(-2)*(-8)/10. Let v be (-4)/a + 10/3. Give o(v).
0
Let t(y) = y**2 + 5*y + 2. Suppose 4*h = 9 - 1. Suppose 2*f - 6 = h*j, -7*j + 3*j = -2*f + 14. Calculate t(j).
-2
Let r(z) = -z**3 + z**2 + z. Let c be r(1). Suppose q - c = 3. Suppose q*n - 5 = -5*h, h + 4*h = 2*n + 5. Let p(y) = -4*y - 1. What is p(h)?
-5
Let u(g) = g - 266 + 263 - g**3 - 3*g - 6*g**2. Give u(-6).
9
Let p(t) = 5*t + 19. Let h(u) = 2*u + 9. Let j(g) = 7*h(g) - 3*p(g). Let x be j(6). Let w(q) = 4 - 3*q - q + 3*q. Calculate w(x).
4
Let o(b) = 0*b + b**3 + 4 + 0*b - 8 + 3*b**2. Suppose 4*v - 5*y + 3*y = 10, -y = 2*v - 3. Let l be 1*-5 + (4 - v). Calculate o(l).
-4
Let t(j) = 9 + 28*j + 34*j + 27*j + j**2 - 82*j. Let z be 2/9 + (-65)/9. Give t(z).
9
Let z(f) = -f**3 - 6*f**2 - 5*f + 4. Let i be z(-5). Let d(m) be the third derivative of m**6/120 - m**5/15 - m**4/24 + 2*m**3/3 + m**2. Give d(i).
0
Let z(x) = 9*x - 2. Let j(r) = 10*r - 3. Let k(c) = 5*j(c) - 6*z(c). Determine k(-4).
13
Let q be (-2)/((-3)/((-45)/(-6))). Let p = 4 - q. Let c(z) = 5*z - 9. Let a(r) = r - 1. Let t(j) = p*c(j) + 6*a(j). Calculate t(-6).
-3
Suppose 0 = -8*f + 12*f + 16. Let d(g) = -g - 5. Calculate d(f).
-1
Let a(f) = f**3 - 6*f**2 + 6. Let r be a(6). Suppose h - r = -h. Let g(s) = -3*s**2 + 5*s - 3. Calculate g(h).
-15
Let q(g) be the first derivative of -g**4/4 - 8*g**3/3 - 4*g**2 - 5*g + 1. Calculate q(-7).
2
Let u(l) = -5*l**3 + 3*l**2 - 5*l + 3. Let t(g) = 2*g**3 - 2*g**2 + 2*g - 2. Let w(o) = -7*t(o) - 3*u(o). Let i = -559 - -554. Calculate w(i).
0
Let b(h) be the third derivative of -h**5/3 - h**4/24 + h**2. Give b(-1).
-19
Let n(u) = u - 5. Suppose 18 = -3*i + 3*x, 0 = 4*i - 0*x + 2*x + 24. Determine n(i).
-11
Let s(h) = h**3 - 1. Suppose -11 = -5*r + 4*l, -l + 0*l + 13 = 4*r. Give s(r).
26
Let g(t) be the first derivative of t**4/4 + t**3 - 2*t**2 + 5*t + 20. Calculate g(-4).
5
Let p(g) = 11 - 9*g + 5*g - 6 + 3*g. What is p(6)?
-1
Let c(k) be the second derivative of k**5/120 - k**4/24 - k**3/6 + 2*k. Let y(l) be the second derivative of c(l). Calculate y(2).
1
Let p(h) be the first derivative of h**2/2 + 7*h - 8. Give p(-7).
0
Let q = 8 + 1. Let p(u) = u**2 - 11*u + 11. Give p(q).
-7
Let v(g) = -g**3 + 6*g**2 - 5*g - 6. Suppose 0 = -2*l + l + 3. Suppose 5 = -l*k + 4*k. Give v(k).
-6
Let s(u) = u**3 + u - 2. Let p(i) = i - 14. Let a be p(7). Let t be (-85)/35 - 3/a. Determine s(t).
-12
Let l(j) = -j. Let r(i) = -i**2 - i + 8. Let p be r(-4). Calculate l(p).
4
Let r = 8 + -8. Suppose -y + 2 = -r*y. Let j(h) = -3*h - 1. Calculate j(y).
-7
Let n = -8 + 7. Let u be (-6 + 5)*(1 - n). Let f(h) = 3*h - 4*h**2 + 0*h + 7*h**2. What is f(u)?
6
Suppose -3*t + 2 = -2*t, -2*w + 4*t = -2. Suppose -2*n = -w*m + 4, 2*n - 16 = -6*m + m. Let y(v) = -n*v + 2*v - 3 - 5. Determine y(0).
-8
Let c(t) = t**2 + 7*t + 5. Let q(a) = -a**2 + 6*a + 9. Let m be q(7). Let h be m*(6/4 - 1). Let v be 3 + -1 - 6/h. Calculate c(v).
-7
Let r(t) = t - 8. Let w be r(11). Let i(m) = 5*m + 12. Let s(k) = -2*k - k - k - 11. Let y(z) = -5*i(z) - 6*s(z). Determine y(w).
3
Let u(p) = p**2 - 2 + 1 + 14*p + 6 - 7*p. Calculate u(-7).
5
Let j(u) be the first derivative of -u**4/4 - u**3/3 - u**2/2 + 16. Calculate j(-1).
1
Let f(c) = 5*c - 1. Let s(i) = 4*i - 1. Let g(a) = 5*f(a) - 6*s(a). Calculate g(-9).
-8
Let j(r) = 12*r**2 - 1. Suppose 0 = b + 2*v + 5, 5*v + 4 = -4*b - 10. What is j(b)?
11
Suppose 0 = -2*j - 18 - 4. Let p(x) = x + 16. What is p(j)?
5
Let d = 185 - 179. Let q(c) = -2*c - 4. Calculate q(d).
-16
Suppose 9 = -4*y + 5*y. Let d(l) = -y + 3*l + 3*l - 3*l - 4*l. What is d(0)?
-9
Let d(z) be the first derivative of 2*z**3/3 - 2*z**2 - 1. Let t be (-10)/(-2)*(-1)/(-1). Let a = 8 - t. What is d(a)?
6
Suppose 10 - 1 = -3*m. Let z(d) = 2*d**2 - 5*d - 2. Determine z(m).
31
Let n(l) = -l**3 - 6*l**2 - 4*l - 2. Let b(f) = -f**3 - 7*f**2 - 4*f - 1. Let g(t) = 2*b(t) - 3*n(t). Suppose 5*p = 2*x + 11, 4*x + 7 + 0 = -5*p. Give g(x).
1
Let t(b) = -b. Let q = 2 + -8. What is t(q)?
6
Let x(y) be the second derivative of 1/4*y**4 + 0 + 3/2*y**2 + 1/10*y**5 - 4*y + 1/2*y**3. Calculate x(-2).
-7
Suppose -18 = -3*g - 3. Let a(n) be the first derivative of n**4/4 - 5*n**3/3 + n**2 + n - 13. Determine a(g).
11
Let y(c) = -3*c**3 - 10*c**2 - 18*c - 20. Let r(l) = 2*l**3 + 7*l**2 + 12*l + 13. Let w(x) = 8*r(x) + 5*y(x). Calculate w(-5).
-1
Let l(u) = -u + u - 2*u - 5*u**2 - u**3 + 10 - 12. What is l(-4)?
-10
Let b(v) be the second derivative of v**6/120 + v**4/24 + v**3/3 - 3*v**2/2 - 2*v. Let x(y) be the first derivative of b(y). Determine x(2).
12
Let a(h) = -h**3 - 3*h**2 + 4*h - 1. Let z = 0 + 4. Suppose -4*s - 12 = z. Determine a(s).
-1
Let w(d) = 8*d**2 - d + 1. Let y(m) = -m**3 - 7*m**2 - 6*m - 7. Let c be y(-6). Let a = 13 + -19. Let t = a - c. Determine w(t).
8
Let d(h) be the first derivative of -2*h**2 + 3*h + 2/3*h**3 + 5. Give d(3).
9
Let d be 10 + 0/(-1) + 7/7. Let h(q) = q - 7. What is h(d)?
4
Let a(m) be the second derivative of 1/3*m**3 + 1/20*m**5 + m**2 + 1/6*m**4 + m + 0. Let y = -5 + 3. What is a(y)?
-2
Let l(f) = -f**3 - 9*f**2 + 6. Let t be l(-9). Suppose 2*q = -r - t, -2*q - 2*r - 6 = r. Let g = 1 - q. Let i(x) = x - 3. Calculate i(g).
1
Let q(c) = -3*c**3 + 5*c**2 - 9*c + 8. Let b(j) = -10*j**3 + 14*j**2 - 28*j + 25. Let t(r) = 2*b(r) - 7*q(r). Calculate t(6).
0
Let u(d) = 8 - d + 4 + 3. Let a be u(12). Let h(c) = -2*c**2 + 5*c - 2. Give h(a).
-5
Let q(b) = -4*b + 2. Let m be q(2). Let r(l) = l**2 - 3*l - 7. Let j(w) = 1. Let d(x) = m*j(x) - r(x). Suppose -5*s = -1 - 9. What is d(s)?
3
Suppose 5*b = 3*k + 10, 4*k + 22 = -2*b - 0*k. Let o(l) = l**3 + 5*l**2 + 3*l - 2. Let y be o(-4). Let u(m) = -m**2 + 0*m + 0*m - y*m**3. Calculate u(b).
1
Let s(j) = -j + 22. Let f be s(9). Let l(z) = -2 - 5 - f*z + 14*z. What is l(7)?
0
Let f be (-10)/(-2) + 84/(-21). Let u(x) = -4*x**2 + 1. What is u(f)?
-3
Let s = -1 - 0. Let x = s - -1. Let f(k) be the third derivative of k**4/24 - k**3/6 - 5*k**2. Determine f(x).
-1
Let o(i) = i**2 - 3*i + 6. Suppose -4*k - k + 20 = 5*c, 0 = 4*k - c - 26. Calculate o(k).
24
Let u be 7 - (-1 - (-2 + 0)). Let r be u/(-2)*(4 - 3). Let g(h) = -h**3 - 4*h**2 - 2*h - 4. Calculate g(r).
-7
Let g(k) = -2*k + 13. Let d be g(8). Let i(o) be the second derivative of o + 0 + 1/2*o**2 + 1/6*o**3. Give i(d).
-2
Suppose 3*k = -7*w + 3*w + 5, 0 = -2*k - 10. Let f(t) = -6*t + 1. Determine f(w).
-29
Let g be (-2)/(-8) + 3/4. Let j(a) = -8*a. Determine j(g).
-8
Let w(g) = -2*g + 2. Let o be (-78)/42 + (-1)/7. What is w(o)?
6
Suppose 0 = 2*z + 2*z - 3*o - 1, -2*o - 6 = 0. Let r be (-2)/7 - 9/(-7). Let a(u) = -u - r + 0 - 3*u. Determine a(z).
7
Let w(h) = -h - 1. Let j(z) = -19*z - 15. Let o(s) = 6*s + 5. Let t(n) = -2*j(n) - 7*o(n). Let f(p) = -t(p) + 5*w(p). Give f(1).
-1
Let s(q) = -5*q**2 + 2*q - 3. Let a(l) = -9*l**2 + 3*l - 5. Let v(i) = -3*a(i) + 5*s(i). Give v(1).
3
Let l(k) = -k**2 + 2*k - 2. Let r(c) = -c - 7. Let v = -32 - -22. Let n be r(v). Determine l(n).
-5
Let q(m) be the third derivative of -m**9/60480 - m**6/90 + m**5/30 + 9*m**2. Let a(c) be the third derivative of q(c). Let l = 0 - 0. Give a(l).
-8
Let z(s) = -3*s**3 - 6*s**2 - s. Let g(a) be the second derivative of a**5